{"id":2710,"date":"2020-04-17T08:51:52","date_gmt":"2020-04-17T06:51:52","guid":{"rendered":"http:\/\/kfv-pfarrkirchen.de\/wprs\/?page_id=2710"},"modified":"2020-04-17T09:51:45","modified_gmt":"2020-04-17T07:51:45","slug":"hejfish","status":"publish","type":"page","link":"https:\/\/kfv-pfarrkirchen.de\/wprs\/hejfish\/","title":{"rendered":"hejfish"},"content":{"rendered":"\n<h2 class=\"wp-block-heading\">Online Tageskarten f\u00fcr den Stausee Postm\u00fcnster<\/h2>\n\n\n\n<p><\/p>\n\n\n\n<p>Um jederzeit Tageskarten f\u00fcr den Stausee in Postm\u00fcnster kaufen zu k\u00f6nnen haben wir dies \u00fcber das Online Portal von Firma Hejfish erm\u00f6glicht.<\/p>\n\n\n\n<p>So funktioniert es:<\/p>\n\n\n\n<ul class=\"wp-block-list\"><li>Auf einen der Links klicken. <\/li><li>Registrieren ( Foto Fischereischein wird ben\u00f6tigt)<\/li><li>Bezahlen<\/li><li>E- Mail erhalten <\/li><li>Ausdrucken (oder auf Handy mitnehmen) <\/li><li>Fischen<\/li><\/ul>\n\n\n\n<div class=\"wp-block-group is-layout-flow wp-block-group-is-layout-flow\"><div class=\"wp-block-group__inner-container\"><\/div><\/div>\n\n\n\n<figure class=\"wp-block-image\"><a href=\" https:\/\/hejfish.com\/d\/13038\" rel=\"Hejfish\"><img decoding=\"async\" src=\"http:\/\/www.sfv-lk.de\/images\/01_hejfish_kaufikon.png\" alt=\"01 hejfish kaufikon\"\/><\/a><\/figure>\n\n\n\n<p><img loading=\"lazy\" decoding=\"async\" src=\"\" width=\"358\" height=\"269\"><\/p>\n\n\n\n<p><strong>Achtung: TAGESKARTEN NICHT \u00dcBERTRAGBAR!<\/strong><\/p>\n\n\n\n<p>&nbsp;Einfacher gehts nicht. Mehr Informationen:<\/p>\n\n\n\n<p><a rel=\"noreferrer noopener\" href=\"https:\/\/hejfish.com\/\" target=\"_blank\">www.hejfish.com<\/a><\/p>\n\n\n\n<figure class=\"wp-block-image size-large\"><img loading=\"lazy\" decoding=\"async\" width=\"596\" height=\"434\" src=\"http:\/\/kfv-pfarrkirchen.de\/wprs\/wp-content\/uploads\/2020\/04\/grafik-1.png\" alt=\"\" class=\"wp-image-2728\" srcset=\"https:\/\/kfv-pfarrkirchen.de\/wprs\/wp-content\/uploads\/2020\/04\/grafik-1.png 596w, https:\/\/kfv-pfarrkirchen.de\/wprs\/wp-content\/uploads\/2020\/04\/grafik-1-300x218.png 300w\" sizes=\"auto, (max-width: 596px) 100vw, 596px\" \/><\/figure>\n","protected":false},"excerpt":{"rendered":"<p>Online Tageskarten f\u00fcr den Stausee Postm\u00fcnster Um jederzeit Tageskarten f\u00fcr den Stausee in Postm\u00fcnster kaufen zu k\u00f6nnen haben wir dies \u00fcber das Online Portal von Firma Hejfish erm\u00f6glicht. So funktioniert [&hellip;]<\/p>\n","protected":false},"author":2,"featured_media":0,"parent":0,"menu_order":0,"comment_status":"closed","ping_status":"closed","template":"","meta":{"footnotes":""},"class_list":["post-2710","page","type-page","status-publish","hentry"],"yoast_head":"<!-- This site is optimized with the Yoast SEO plugin v26.8 - https:\/\/yoast.com\/product\/yoast-seo-wordpress\/ -->\n<title>hejfish - kfv-pfarrkirchen<\/title>\n<meta name=\"robots\" content=\"index, follow, max-snippet:-1, max-image-preview:large, max-video-preview:-1\" \/>\n<link rel=\"canonical\" href=\"https:\/\/kfv-pfarrkirchen.de\/wprs\/hejfish\/\" \/>\n<meta property=\"og:locale\" content=\"de_DE\" \/>\n<meta property=\"og:type\" content=\"article\" \/>\n<meta property=\"og:title\" content=\"hejfish - kfv-pfarrkirchen\" \/>\n<meta property=\"og:description\" content=\"Online Tageskarten f\u00fcr den Stausee Postm\u00fcnster Um jederzeit Tageskarten f\u00fcr den Stausee in Postm\u00fcnster kaufen zu k\u00f6nnen haben wir dies \u00fcber das Online Portal von Firma Hejfish erm\u00f6glicht. So funktioniert [&hellip;]\" \/>\n<meta property=\"og:url\" content=\"https:\/\/kfv-pfarrkirchen.de\/wprs\/hejfish\/\" \/>\n<meta property=\"og:site_name\" content=\"kfv-pfarrkirchen\" \/>\n<meta property=\"article:modified_time\" content=\"2020-04-17T07:51:45+00:00\" \/>\n<meta property=\"og:image\" content=\"http:\/\/www.sfv-lk.de\/images\/01_hejfish_kaufikon.png\" \/>\n<meta name=\"twitter:card\" content=\"summary_large_image\" \/>\n<script type=\"application\/ld+json\" class=\"yoast-schema-graph\">{\"@context\":\"https:\/\/schema.org\",\"@graph\":[{\"@type\":\"WebPage\",\"@id\":\"https:\/\/kfv-pfarrkirchen.de\/wprs\/hejfish\/\",\"url\":\"https:\/\/kfv-pfarrkirchen.de\/wprs\/hejfish\/\",\"name\":\"hejfish - kfv-pfarrkirchen\",\"isPartOf\":{\"@id\":\"http:\/\/kfv-pfarrkirchen.de\/wprs\/#website\"},\"primaryImageOfPage\":{\"@id\":\"https:\/\/kfv-pfarrkirchen.de\/wprs\/hejfish\/#primaryimage\"},\"image\":{\"@id\":\"https:\/\/kfv-pfarrkirchen.de\/wprs\/hejfish\/#primaryimage\"},\"thumbnailUrl\":\"http:\/\/www.sfv-lk.de\/images\/01_hejfish_kaufikon.png\",\"datePublished\":\"2020-04-17T06:51:52+00:00\",\"dateModified\":\"2020-04-17T07:51:45+00:00\",\"breadcrumb\":{\"@id\":\"https:\/\/kfv-pfarrkirchen.de\/wprs\/hejfish\/#breadcrumb\"},\"inLanguage\":\"de\",\"potentialAction\":[{\"@type\":\"ReadAction\",\"target\":[\"https:\/\/kfv-pfarrkirchen.de\/wprs\/hejfish\/\"]}]},{\"@type\":\"ImageObject\",\"inLanguage\":\"de\",\"@id\":\"https:\/\/kfv-pfarrkirchen.de\/wprs\/hejfish\/#primaryimage\",\"url\":\"http:\/\/www.sfv-lk.de\/images\/01_hejfish_kaufikon.png\",\"contentUrl\":\"http:\/\/www.sfv-lk.de\/images\/01_hejfish_kaufikon.png\"},{\"@type\":\"BreadcrumbList\",\"@id\":\"https:\/\/kfv-pfarrkirchen.de\/wprs\/hejfish\/#breadcrumb\",\"itemListElement\":[{\"@type\":\"ListItem\",\"position\":1,\"name\":\"Startseite\",\"item\":\"http:\/\/kfv-pfarrkirchen.de\/wprs\/\"},{\"@type\":\"ListItem\",\"position\":2,\"name\":\"hejfish\"}]},{\"@type\":\"WebSite\",\"@id\":\"http:\/\/kfv-pfarrkirchen.de\/wprs\/#website\",\"url\":\"http:\/\/kfv-pfarrkirchen.de\/wprs\/\",\"name\":\"kfv-pfarrkirchen\",\"description\":\"Fischen im Rottal\",\"potentialAction\":[{\"@type\":\"SearchAction\",\"target\":{\"@type\":\"EntryPoint\",\"urlTemplate\":\"http:\/\/kfv-pfarrkirchen.de\/wprs\/?s={search_term_string}\"},\"query-input\":{\"@type\":\"PropertyValueSpecification\",\"valueRequired\":true,\"valueName\":\"search_term_string\"}}],\"inLanguage\":\"de\"}]}<\/script>\n<!-- \/ Yoast SEO plugin. -->","yoast_head_json":{"title":"hejfish - kfv-pfarrkirchen","robots":{"index":"index","follow":"follow","max-snippet":"max-snippet:-1","max-image-preview":"max-image-preview:large","max-video-preview":"max-video-preview:-1"},"canonical":"https:\/\/kfv-pfarrkirchen.de\/wprs\/hejfish\/","og_locale":"de_DE","og_type":"article","og_title":"hejfish - kfv-pfarrkirchen","og_description":"Online Tageskarten f\u00fcr den Stausee Postm\u00fcnster Um jederzeit Tageskarten f\u00fcr den Stausee in Postm\u00fcnster kaufen zu k\u00f6nnen haben wir dies \u00fcber das Online Portal von Firma Hejfish erm\u00f6glicht. So funktioniert [&hellip;]","og_url":"https:\/\/kfv-pfarrkirchen.de\/wprs\/hejfish\/","og_site_name":"kfv-pfarrkirchen","article_modified_time":"2020-04-17T07:51:45+00:00","og_image":[{"url":"http:\/\/www.sfv-lk.de\/images\/01_hejfish_kaufikon.png","type":"","width":"","height":""}],"twitter_card":"summary_large_image","schema":{"@context":"https:\/\/schema.org","@graph":[{"@type":"WebPage","@id":"https:\/\/kfv-pfarrkirchen.de\/wprs\/hejfish\/","url":"https:\/\/kfv-pfarrkirchen.de\/wprs\/hejfish\/","name":"hejfish - kfv-pfarrkirchen","isPartOf":{"@id":"http:\/\/kfv-pfarrkirchen.de\/wprs\/#website"},"primaryImageOfPage":{"@id":"https:\/\/kfv-pfarrkirchen.de\/wprs\/hejfish\/#primaryimage"},"image":{"@id":"https:\/\/kfv-pfarrkirchen.de\/wprs\/hejfish\/#primaryimage"},"thumbnailUrl":"http:\/\/www.sfv-lk.de\/images\/01_hejfish_kaufikon.png","datePublished":"2020-04-17T06:51:52+00:00","dateModified":"2020-04-17T07:51:45+00:00","breadcrumb":{"@id":"https:\/\/kfv-pfarrkirchen.de\/wprs\/hejfish\/#breadcrumb"},"inLanguage":"de","potentialAction":[{"@type":"ReadAction","target":["https:\/\/kfv-pfarrkirchen.de\/wprs\/hejfish\/"]}]},{"@type":"ImageObject","inLanguage":"de","@id":"https:\/\/kfv-pfarrkirchen.de\/wprs\/hejfish\/#primaryimage","url":"http:\/\/www.sfv-lk.de\/images\/01_hejfish_kaufikon.png","contentUrl":"http:\/\/www.sfv-lk.de\/images\/01_hejfish_kaufikon.png"},{"@type":"BreadcrumbList","@id":"https:\/\/kfv-pfarrkirchen.de\/wprs\/hejfish\/#breadcrumb","itemListElement":[{"@type":"ListItem","position":1,"name":"Startseite","item":"http:\/\/kfv-pfarrkirchen.de\/wprs\/"},{"@type":"ListItem","position":2,"name":"hejfish"}]},{"@type":"WebSite","@id":"http:\/\/kfv-pfarrkirchen.de\/wprs\/#website","url":"http:\/\/kfv-pfarrkirchen.de\/wprs\/","name":"kfv-pfarrkirchen","description":"Fischen im Rottal","potentialAction":[{"@type":"SearchAction","target":{"@type":"EntryPoint","urlTemplate":"http:\/\/kfv-pfarrkirchen.de\/wprs\/?s={search_term_string}"},"query-input":{"@type":"PropertyValueSpecification","valueRequired":true,"valueName":"search_term_string"}}],"inLanguage":"de"}]}},"_links":{"self":[{"href":"https:\/\/kfv-pfarrkirchen.de\/wprs\/wp-json\/wp\/v2\/pages\/2710","targetHints":{"allow":["GET"]}}],"collection":[{"href":"https:\/\/kfv-pfarrkirchen.de\/wprs\/wp-json\/wp\/v2\/pages"}],"about":[{"href":"https:\/\/kfv-pfarrkirchen.de\/wprs\/wp-json\/wp\/v2\/types\/page"}],"author":[{"embeddable":true,"href":"https:\/\/kfv-pfarrkirchen.de\/wprs\/wp-json\/wp\/v2\/users\/2"}],"replies":[{"embeddable":true,"href":"https:\/\/kfv-pfarrkirchen.de\/wprs\/wp-json\/wp\/v2\/comments?post=2710"}],"version-history":[{"count":4,"href":"https:\/\/kfv-pfarrkirchen.de\/wprs\/wp-json\/wp\/v2\/pages\/2710\/revisions"}],"predecessor-version":[{"id":2729,"href":"https:\/\/kfv-pfarrkirchen.de\/wprs\/wp-json\/wp\/v2\/pages\/2710\/revisions\/2729"}],"wp:attachment":[{"href":"https:\/\/kfv-pfarrkirchen.de\/wprs\/wp-json\/wp\/v2\/media?parent=2710"}],"curies":[{"name":"wp","href":"https:\/\/api.w.org\/{rel}","templated":true}]}}